remainder when 2870963 is divided by 2870889?
74
What is the remainder when 30172222 is divided by 7?
3
What is the remainder when 161216085 is divided by 6?
3
Calculate the remainder when 8708402 is divided by 4354076.
250
What is the remainder when 7249037 is divided by 1000?
37
What is the remainder when 63305 is divided by 63260?
45
Calculate the remainder when 140160062 is divided by 712.
14
Calculate the remainder when 12523051 is divided by 14.
9
What is the remainder when 835166 is divided by 75923?
13
What is the remainder when 758378 is divided by 235?
33
What is the remainder when 2313745 is divided by 9038?
17
What is the remainder when 1062982 is divided by 39367?
73
What is the remainder when 10635 is divided by 10481?
154
Calculate the remainder when 712867 is divided by 39602.
31
Calculate the remainder when 38096 is divided by 4710.
416
What is the remainder when 890556 is divided by 422?
136
What is the remainder when 422310 is divided by 10054?
42
Calculate the remainder when 26791 is divided by 67.
58
Calculate the remainder when 277628943 is divided by 1877.
1873
Calculate the remainder when 576525 is divided by 4504.
13
Calculate the remainder when 78411 is divided by 12423.
3873
Calculate the remainder when 1481620 is divided by 740773.
74
Calculate the remainder when 1521675 is divided by 35.
15
Calculate the remainder when 2595817 is divided by 19.
18
What is the remainder when 76855 is divided by 1821?
373
What is the remainder when 761801 is divided by 374?
337
What is the remainder when 13895332 is divided by 692?
664
Calculate the remainder when 185157 is divided by 7310.
2407
What is the remainder when 19443941 is divided by 2119?
2116
Calculate the remainder when 86646 is divided by 20942.
2878
Calculate the remainder when 5538933 is divided by 37425.
33
What is the remainder when 626440 is divided by 156569?
164
What is the remainder when 138683 is divided by 343?
111
What is the remainder when 22276005 is divided by 2742?
2739
What is the remainder when 5101070 is divided by 685?
560
What is the remainder when 18997918 is divided by 4749460?
78
Calculate the remainder when 1146766 is divided by 62.
14
Calculate the remainder when 660457 is divided by 132070.
107
Calculate the remainder when 3204855 is divided by 5603.
5542
What is the remainder when 12369454 is divided by 1881?
1879
Calculate the remainder when 63168 is divided by 651.
21
Calculate the remainder when 147443 is divided by 73263.
917
What is the remainder when 2006397 is divided by 38?
35
Calculate the remainder when 22470463 is divided by 32.
31
What is the remainder when 4806761 is divided by 15211?
85
Calculate the remainder when 159593012 is divided by 264.
260
What is the remainder when 365189 is divided by 706?
187
Calculate the remainder when 7964916 is divided by 63213.
78
Calculate the remainder when 1714575 is divided by 532.
471
What is the remainder when 727961 is divided by 3956?
57
What is the remainder when 3002157 is divided by 2034?
2007
Calculate the remainder when 154916 is divided by 151808.
3108
What is the remainder when 72499094 is divided by 50?
44
Calculate the remainder when 1432174 is divided by 101.
95
What is the remainder when 208971 is divided by 208470?
501
What is the remainder when 276523 is divided by 30714?
97
Calculate the remainder when 5905745 is divided by 590572.
25
What is the remainder when 47465 is divided by 7462?
2693
Calculate the remainder when 178826499 is divided by 1402.
1399
What is the remainder when 1008614 is divided by 84?
26
Calculate the remainder when 1640275 is divided by 3410.
65
What is the remainder when 999605 is divided by 166589?
71
What is the remainder when 2263239 is divided by 52?
43
Calculate the remainder when 8813324 is divided by 5127.
11
Calculate the remainder when 301446 is divided by 5437.
2411
What is the remainder when 3837437 is divided by 93596?
1
Calculate the remainder when 796572 is divided by 31862.
22
Calculate the remainder when 2634002 is divided by 877857.
431
Calculate the remainder when 198650908 is divided by 699.
1
Calculate the remainder when 156956183 is divided by 594.
593
Calculate the remainder when 1476922 is divided by 113583.
343
What is the remainder when 2201525 is divided by 45?
35
What is the remainder when 1364933 is divided by 272968?
93
Calculate the remainder when 453296 is divided by 2698.
32
What is the remainder when 949646 is divided by 237404?
30
What is the remainder when 9286535 is divided by 633?
425
Calculate the remainder when 386286232 is divided by 28.
24
Calculate the remainder when 8726380 is divided by 3824.
12
What is the remainder when 183771 is divided by 5739?
123
Calculate the remainder when 194160 is divided by 641.
578
What is the remainder when 385196 is divided by 42790?
86
What is the remainder when 95529 is divided by 478?
407
Calculate the remainder when 11408 is divided by 7395.
4013
Calculate the remainder when 28940 is divided by 9571.
227
Calculate the remainder when 20458239 is divided by 1453.
1452
Calculate the remainder when 6866596 is divided by 624.
100
What is the remainder when 58035859 is divided by 5430?
19
Calculate the remainder when 18865419 is divided by 112.
27
What is the remainder when 237795622 is divided by 12?
10
What is the remainder when 11273161 is divided by 949?
939
What is the remainder when 220866 is divided by 233?
215
Calculate the remainder when 79784321 is divided by 32.
1
Calculate the remainder when 18789998 is divided by 835.
828
Calculate the remainder when 237742 is divided by 118517.
708
Calculate the remainder when 519143 is divided by 329.
310
Calculate the remainder when 28769382 is divided by 2965.
2952
What is the remainder when 31871 is divided by 11534?
8803
What is the remainder when 6833784 is divided by 996?
228
Calculate the remainder when 59855 is divided by 14926.
151
What is the remainder when 2352320 is divided by 601?
6
What is the remainder when 215479740 is divided by 915?
900
What is the remainder when 21653 is divided by 6800?
1253
What is the remainder when 2263128 is divided by 1131540?
48
What is the remainder when 15300 is divided by 2157?
201
Calculate the remainder when 350736 is divided by 350721.
15
What is the remainder when 2013135 is divided by 671045?
0
Calculate the remainder when 580937 is divided by 2184.
2177
What is the remainder when 5013177 is divided by 7449?
0
What is the remainder when 42812699 is divided by 105972?
11
Calculate the remainder when 934804 is divided by 131.
119
Calculate the remainder when 312872 is divided by 1572.
44
Calculate the remainder when 2780237 is divided by 237.
227
What is the remainder when 657110 is divided by 54756?
38
What is the remainder when 1667833 is divided by 16?
9
What is the remainder when 15417 is divided by 655?
352
Calculate the remainder when 3379 is divided by 2458.
921
What is the remainder when 4410009 is divided by 2800?
9
What is the remainder when 2639555 is divided by 41240?
195
What is the remainder when 7072 is divided by 1156?
136
Calculate the remainder when 578057 is divided by 2359.
102
What is the remainder when 1013347 is divided by 506668?
11
Calculate the remainder when 1496553 is divided by 151.
143
Calculate the remainder when 4339646 is divided by 4284.
4238
Calculate the remainder when 2236066 is divided by 372675.
16
Calculate the remainder when 4729176 is divided by 1790.
1786
Calculate the remainder when 76339887 is divided by 2610.
2607
Calculate the remainder when 3695825 is divided by 4048.
1
What is the remainder when 607671 is divided by 86768?
295
Calculate the remainder when 11757 is divided by 5139.
1479
What is the remainder when 30289 is divided by 1009?
19
Calculate the remainder when 8478 is divided by 3994.
490
What is the remainder when 8018721 is divided by 11827?
15
What is the remainder when 453841 is divided by 215?
191
What is the remainder when 3586618 is divided by 1793166?
286
What is the remainder when 46094 is divided by 645?
299
What is the remainder when 27149 is divided by 13498?
153
Calculate the remainder when 6336105 is divided by 2993.
2917
What is the remainder when 159009 is divided by 2178?
15
Calculate the remainder when 3